5 - (9/q + -2). What is the units digit of r(c)?
3
Let r = -34 + 59. Let s be 5*4*1/10. Suppose -s*d + r = 7. What is the units digit of d?
9
Let q(b) = 2*b + 14. What is the tens digit of q(6)?
2
Let q(h) = h**3 + h**2 + 3. Let r be q(0). Let t = r + 4. Let j(z) = -z**2 + 9*z - 2. What is the units digit of j(t)?
2
Let c(o) be the second derivative of o**4/12 - 5*o**2/2 + o. What is the tens digit of c(-4)?
1
Let x = 14 - 6. Let k = 14 - x. What is the units digit of k?
6
Suppose -4*l + 0 = 8. Let b = l + 11. What is the units digit of b?
9
Suppose -8*m + 530 = 154. What is the tens digit of m?
4
Let r(j) = -j**3 + 3*j**2 - j + 3. Let g be r(3). Let d = 10 + g. What is the units digit of d?
0
Suppose -k + 9 = -4*b + 93, -b - 5*k = 0. Let n = b + -1. What is the units digit of n?
9
Let u(b) = -b**3 + 7*b**2 - 7*b. Let h be u(5). Let n = h + -3. What is the units digit of n?
2
Let t(j) be the third derivative of j**4/8 - 6*j**2. What is the units digit of t(1)?
3
Suppose -4*i + 341 = -o, 4*i + 3*o = -i + 439. What is the units digit of i?
6
Suppose -y + 4*y - 130 = -4*v, 0 = 4*y + 8. What is the units digit of v?
4
Let c(m) = -8*m**3 - m + 2. What is the units digit of c(-2)?
8
Let i(y) = 4*y + 5. Let r be i(4). Suppose 5 + r = 3*j - 2*u, 0 = 3*j - 5*u - 11. What is the tens digit of j?
1
Suppose -10*c = -14*c + 136. What is the units digit of c?
4
Let p = 0 + 1. Let s be -1 + p - (2 - 0). Let d(j) = j**2 - 1. What is the units digit of d(s)?
3
Let p = 315 - 196. What is the hundreds digit of p?
1
Suppose 8 = -4*b, 4*o - 6*b + b - 18 = 0. Suppose -2*t = -0*t + 4*p + o, -t - 3*p = 5. What is the units digit of t?
7
Let i = 15 - -238. What is the units digit of i?
3
Suppose 4 = 3*h + 1. Suppose q = -h, 3*a + q = -3*q + 71. Suppose -2*f + 20 = 4*l, 5*l - 3*f - a = -7*f. What is the units digit of l?
5
Let h(c) = -2*c**3. Let y be h(-1). What is the tens digit of 6/((-16)/(-7) - y)?
2
Let v(n) = -n**3 + 20*n**2 + 4*n - 9. What is the tens digit of v(20)?
7
Let k(c) = -c + 7. Suppose -2*s = -19 - 1. Let z be k(s). What is the units digit of 10/2*(z - -4)?
5
Let v be (16/5)/(5/25). Suppose 0 = -2*g + v - 2. What is the units digit of g?
7
Let k(x) = x**3 - 7*x**2 + 7*x + 4. Let m be k(6). Suppose -2*z = m, w = 3*z - 1 + 15. Let f = w - -3. What is the units digit of f?
2
Let w(x) = -x**3 + 6*x**2 - 6*x + 2. Let b(o) = -o**3 + 7*o**2 + 8*o + 5. Let a be b(8). Let p be w(a). Let k = p - -12. What is the units digit of k?
9
Suppose -2*j + 14 = -4*j. Let u = j + 23. What is the tens digit of u?
1
Let d be (-30)/4*(-20)/(-25). Let l(p) = -2*p - 4. What is the units digit of l(d)?
8
Suppose 0*z - 15 = -z. What is the units digit of ((-24)/z)/((-6)/15)?
4
Let o(q) = -q**3 - 25*q**2 + 52*q + 12. What is the tens digit of o(-27)?
6
Suppose -4*c + 3*u = -278 - 279, 2*u = -5*c + 702. What is the hundreds digit of c?
1
Let t be -8*-2*1/2. Let f be (20/6)/(t/36). What is the units digit of 6/(-1)*f/(-10)?
9
Let d = 4 - 4. Suppose w = -2, 58 = 3*y + w - d*w. What is the units digit of y?
0
Suppose 344 = -6*c + 10*c. What is the tens digit of c?
8
What is the units digit of 3/(-1 + (-6)/(-5))?
5
Let u(r) = r**2 - 13*r - 3. Let p be u(13). What is the tens digit of (5/p)/((-3)/27)?
1
Let i = -8 - -7. Let d be (i/(-3))/((-4)/(-36)). Suppose 3 - 24 = -z + d*f, -5*z + 50 = -4*f. What is the units digit of z?
6
Let f(i) be the second derivative of -3*i**5/20 - i**4/4 + i**2/2 + 4*i. What is the units digit of f(-2)?
3
Suppose -106*o - 60 = -111*o. What is the tens digit of o?
1
Suppose -j + v + 26 = j, -3*v = -12. What is the units digit of j?
5
Suppose 2*l = 8, -2*z + 524 = 2*l - 0*l. What is the tens digit of z?
5
Let s(w) = 4*w**3 + w**2 - 2*w + 1. Let p be s(1). What is the units digit of (-11)/(-3) - p/6?
3
Let f be (1 - -8)/(2/6). Suppose -3*k + 7 = -2, -3*d - 3*k = -f. What is the units digit of d?
6
Let s = 10 - 6. Let u be (s/2)/(-2 + 4). What is the units digit of (-4 - -3) + 5 + u?
5
Let l = 6 - -13. What is the tens digit of l?
1
What is the units digit of 172*(-4)/16*-2?
6
Let g(l) = -l**3 - 3*l**2 - 5*l - 5. Let r be g(-4). Let c = r - 22. What is the units digit of c?
9
Let m(r) = r**3 + 11*r**2 - r + 14. Let d be m(-11). Let f = d + -14. What is the tens digit of f?
1
Let h(i) = -i + 3. Let y be h(0). Suppose y*g - 1 = 8. What is the units digit of g?
3
Let q(m) = -m**3 + 2*m**2 + 4*m + 4. Suppose -3*y + 4*a + 13 = 5*a, -5*y - 2*a = -22. Let z be q(y). What is the units digit of (-51)/z - (-3)/(-12)?
4
Let i(r) = r**2 + 5*r + 7. Let q be i(-6). Let z = -9 + q. Let p = z - -2. What is the units digit of p?
6
Suppose -a + 2*a - 3*k = 69, 0 = 2*a - 3*k - 141. What is the units digit of a?
2
Let q(o) = -6*o**3 + 12*o**2 - 6*o - 5. Let u(l) = 7*l**3 - 13*l**2 + 6*l + 5. Let g(y) = -6*q(y) - 5*u(y). Let i = -1 + 7. What is the units digit of g(i)?
5
Let u = -5 + 9. Suppose u = z, m - 14 = -2*z - z. What is the units digit of (-3)/3*-17 + m?
9
Suppose 46 = z + 20. What is the units digit of z?
6
Let g = 6 - 3. Suppose 0 = g*z - 2*x - 47, -20 = -5*z - 3*x + 33. What is the units digit of z?
3
Let d(k) = 2*k - 3. Let r(q) = q**3 - 8*q**2 + 10*q - 6. Let v be r(7). Suppose 0 = -5*m + 2*m + v. What is the units digit of d(m)?
7
What is the hundreds digit of 116 + -2*(-4 + 5)?
1
Suppose -3*x = -2*o - 109 - 81, -152 = -2*x - 5*o. What is the units digit of x?
6
Let z = 7 + -1. Let h = 12 - z. What is the units digit of h?
6
Let k(z) = z**3 + 8*z**2 - 7*z - 11. What is the units digit of k(-8)?
5
Let n(a) = a**2 - 4*a. What is the units digit of n(9)?
5
Suppose -v = -0*v - 4. Suppose 0 = -b + v*b. Suppose 2*p + 72 = 4*t + p, 2*t - 5*p - 54 = b. What is the tens digit of t?
1
Let m be ((-6)/3)/(-2) + 3. Let l = 7 - m. What is the units digit of l?
3
Suppose 0 = 5*c + 38 + 42. What is the units digit of (c/24)/((-4)/30)?
5
Let o(d) be the second derivative of -1/3*d**4 + 0 - 5/2*d**2 - 5/6*d**3 + 3*d - 1/20*d**5. What is the units digit of o(-4)?
5
Let c(a) = a**2 - a + 4. Let t be c(0). Let s = t - 2. What is the units digit of s/4 + 7/2?
4
Let t(b) = -b**3 + 6*b**2 - 3. Let w be t(6). Let s(l) = l**2 + l - 4. Let n be s(w). What is the tens digit of ((-5)/n)/((-2)/8)?
1
Let a = -4 - -30. What is the units digit of a?
6
Suppose -6*g = -3*g - 18. What is the units digit of g/15 - 114/(-15)?
8
Let p = -5 - -5. Suppose -5*x - 5*s + 55 = p, 2*x + 3*s = -3*x + 57. What is the tens digit of x?
1
Let j(v) be the first derivative of -3/2*v**2 + 1 + 3*v + 1/3*v**3. What is the units digit of j(4)?
7
Let x = 2 - -1. Let o be (x/2)/((-6)/(-8)). What is the units digit of (o - 0) + 4/2?
4
Let s(y) = 110*y**2 - 2*y - 2. What is the hundreds digit of s(-1)?
1
Let c(y) = y**3 + 8*y**2 - 13*y + 1. What is the tens digit of c(-9)?
3
Let o = -2526 - -1551. What is the tens digit of (12/10)/((-30)/o)?
3
Let v = -1 - -4. Suppose -5*l + 2*t = -56, 3*l + v*t - 41 = -2*l. What is the units digit of l?
0
Suppose -f - 3*f = 0. Suppose -12 = -c - f. What is the tens digit of c?
1
Let p(m) = m. Let x be p(5). Let z = 4 - 1. Suppose 5*i - 5*c = 11 + 14, 0 = -z*i + x*c + 21. What is the units digit of i?
2
What is the units digit of ((-16)/12)/2*-39?
6
Suppose -u = -3*u + 4*w + 46, -3*w - 23 = -u. What is the units digit of u?
3
Let t(s) = s**2 - s - 9. Let v be t(0). Let q = -18 - -6. What is the units digit of ((-6)/v)/((-2)/q)?
4
Let r = -19 - -4. Suppose 17 = -2*d - 3. Let q = d - r. What is the units digit of q?
5
Let a = -52 - -66. What is the units digit of a?
4
Let c(g) = -g**2 - 6*g - 5. Let p be c(-5). Suppose p = 5*b + 8 - 118. What is the tens digit of b?
2
Let y = -1 - -5. Let n be 26/y*-2*-1. Let a = n + -8. What is the units digit of a?
5
Let l(b) = -b**3 - 10*b**2 - 4*b - 9. Let t be l(-10). Suppose -3*d + 69 = -y - 2*y, -d - 3*y + t = 0. What is the units digit of d?
5
Suppose -q + 0*d + 197 = -3*d, 2*d = 5*q - 959. What is the units digit of q?
1
Suppose -3*i = -5 - 4. Suppose i*m - 68 = -17. What is the units digit of m?
7
Let r = -8 - -5. What is the units digit of (6/(-3))/(r/12)?
8
Let u = 28 + -40. What is the units digit of 2*6/(-16)*u?
9
Let d(i) = 2*i - 5 - i - 2. Let s be d(7). Suppose -5 = -m - s. What is the units digit of m?
5
Let j be (-1 - -1)*(-5)/(-10). Suppo